 -q*x = -x + 4. What is the units digit of 2 - (-1 + x + -2)?
7
Suppose 2*i + 0*i = 3*t + 33, 0 = -2*t - 2. Suppose n - i = 21. What is the tens digit of n?
3
Let t = -114 + 167. Suppose -8*q + 9*q = t. What is the tens digit of q?
5
Let a(c) = -21*c - 34. What is the tens digit of a(-10)?
7
Let m be 4 + -4 - (-3 + -1 + 3). Let b(u) = 23*u**2 - 2*u + 2. What is the tens digit of b(m)?
2
Let b(k) = -k**3 + 10*k**2 + 12*k + 1. Suppose -1 = 5*u - 56. Let w be b(u). Let i = 2 + w. What is the tens digit of i?
1
Suppose 0*j = -4*s + 2*j + 66, s + j - 21 = 0. Suppose -5*r = -2*r + s. What is the tens digit of r/(-33) + (-1374)/(-66)?
2
Let m = 1794 - 924. What is the tens digit of m?
7
Let p(o) = -o**3 - 6*o**2 + 21*o + 294. What is the hundreds digit of p(-11)?
6
Let f(z) = z**3 - 9*z**2 + 11*z + 7. Let d be 242/8 - (-5)/(-20). Suppose -d = -3*l - 2*r, -3*l + 21 = -3*r + 2*r. What is the tens digit of f(l)?
3
Let a(l) = 53*l**2 + 3*l - 6. Let m be a(-2). Let b = m + -173. What is the units digit of b?
7
Suppose 3*h + t + 3 = -t, 0 = -2*h + t - 2. Let n = -12 - h. What is the tens digit of ((-1)/2)/(n/396)?
1
Suppose 3*d + 5*h - 2857 = -0*d, -3*h + 955 = d. What is the tens digit of d?
4
Suppose 3*i - 10*z + 6*z - 100 = 0, -2*i - 2*z = -48. What is the tens digit of i?
2
Let o(j) = -5*j - 97. What is the hundreds digit of o(-43)?
1
Let b(g) = g**3 - 3*g + 2. Let d be b(2). Let m(h) = -2*h + 5*h**2 - 13*h**2 + 0*h + 4 + 9*h**2. What is the units digit of m(d)?
2
Let l(u) = 4*u + 5. Let k be l(3). Suppose -127 + k = -2*a. What is the units digit of a?
5
Let p = -475 - -846. Suppose 5*b - p = -2*a, b + a - 222 = -2*b. What is the tens digit of b?
7
Suppose 5*j = q + 20, q + q - 2*j = 0. Suppose 0 = 3*h + 3*t - 696, 5*h - 2*h - 728 = q*t. What is the hundreds digit of h?
2
Suppose -9 = 3*r + g + 10, -4*r = -5*g. What is the tens digit of (-6)/(-3)*(170/(-4))/r?
1
Suppose -4*d + 5*o + 38 = -2*d, -d = 4*o + 7. Suppose -6*a = -4*a. Let r = d - a. What is the units digit of r?
9
Let l(g) = -g**3 - 11*g**2 + 7*g - 4. What is the units digit of l(-17)?
1
What is the hundreds digit of (41157/(-34))/((-3)/6)?
4
Let v = 3702 + -1675. What is the thousands digit of v?
2
Suppose 2*w - 6*w = 12. Suppose 0 = -4*t - 0 - 16. What is the units digit of (12/t - w) + 2?
2
Let v(u) = 2*u**3 - u**2 + 2*u + 29. What is the units digit of v(10)?
9
Let q = -451 - -1648. Suppose 0 = -10*u + 1293 + q. What is the hundreds digit of u?
2
Let u(x) = 196*x**2 + 25*x + 97. What is the thousands digit of u(-3)?
1
Suppose -11*d + 2430 = -5*d. What is the hundreds digit of d?
4
Suppose 11*o - 2695 = 3498. What is the tens digit of o?
6
Suppose -324 = 4*c - 44. Let h = c - -240. Let q = h - 115. What is the tens digit of q?
5
Let w(d) = -6*d**3 - 2*d**2 - 11*d - 30. What is the tens digit of w(-5)?
2
Let k be 0 - (4 + -17 + -2). What is the tens digit of (k/3)/(-5)*-80?
8
Suppose 0 = 4*g - 194 - 426. Suppose 3*w = 26 - 14. Suppose n = -c - 0*n + 50, 5*n = w*c - g. What is the tens digit of c?
4
Let i(d) = 161*d**2 + 3*d - 10. What is the tens digit of i(2)?
4
Suppose -g + 10 = -6*g. What is the tens digit of (-1*(1 + g))/(13/585)?
4
Suppose 15 = -9*z + 4*z, 4*z = b - 21. Suppose l - b = -q, -5*l - q + 24 = -1. Suppose l*j - 187 - 5 = 0. What is the units digit of j?
8
Suppose -394 = -z - 3*g, 4*g + 2 = 14. What is the tens digit of z?
8
Let s = 0 - 13. Suppose -2*l - 28 - 20 = 0. Let u = s - l. What is the tens digit of u?
1
Suppose -2*d - 4*l = -4, 3*d - 8 = 2*d + 4*l. What is the units digit of d?
4
Let f(h) = 3*h**2 + 69*h - 37. What is the units digit of f(22)?
3
Let u = 12 + -12. Let j(v) = -2*v - 298. Let d be j(u). What is the units digit of (-12)/8 + d/(-4)?
3
Let f be (1 - 3)*(-90)/(-12). What is the tens digit of (-265)/f*(3 + 0)?
5
What is the hundreds digit of 9/(-12)*(-6548)/3?
6
Suppose 92 = -31*q + 1084. What is the units digit of q?
2
What is the units digit of (-522)/27*-135 - -4?
4
Suppose -2*v + 2 = -w, -4*w + 10 + 6 = 0. Suppose -v*a = 3*g - 483, 2*a - 3*g = -3*a + 789. What is the units digit of a?
9
Let q = 1034 + -626. What is the units digit of q?
8
Suppose -23 = 5*f + 3*q + 5, -5*f - 56 = -4*q. Let c = f - -208. What is the units digit of c?
0
Let w = 3312 - 1282. What is the hundreds digit of w?
0
Let t(d) be the third derivative of -d**4/24 + 71*d**3/6 - d**2. Suppose -12 + 7 = -4*a + 5*l, 3*a - 5 = 5*l. What is the units digit of t(a)?
1
Let p(h) be the third derivative of h**6/120 + 17*h**5/60 + 13*h**4/24 + 5*h**3/2 - 15*h**2. What is the units digit of p(-16)?
3
Let p(y) = 24*y + 3. Let o(q) = -8*q - 1. Suppose 2*c = -13 + 1. Let z(s) = c*p(s) - 17*o(s). What is the units digit of z(-1)?
7
Let f(r) = -97*r**3 + r**2. Let x be f(-1). Suppose -5*d - 25 = 2*q, -4*q + 30 - x = 4*d. Let p = q + 43. What is the units digit of p?
3
Let w be -3 + (-2 - -19) + -2. Suppose t = -3*t + w. What is the units digit of (-35 - (t + -2))*-1?
6
Let c(y) = -y + 18. Let a be c(14). Let p = a - -72. Suppose -p = -8*l + 4*l. What is the units digit of l?
9
Suppose o + 468 = 4*o. Suppose 44 = 5*z - o. Suppose -2*r = -3*j - z, 5*r + 5*j - 21 = 29. What is the tens digit of r?
1
Suppose -7*k = -345 - 698. Let h = -67 + k. What is the tens digit of h?
8
Let g(p) = 5*p - 5. Let v be g(5). Let r = 13 - v. What is the units digit of r/21*(-56 + -1)?
9
Let m be ((-4)/(-10))/(6/(-15)). Let p(g) = -64*g**3 - g**2 - 3*g - 2. What is the units digit of p(m)?
4
Suppose x - 3*u = 11, 2*x = -2*x - 3*u + 44. Suppose -9*a = -x*a + 262. What is the tens digit of a?
3
Suppose 3*n = 3*r + 9, 4*r = -7 - 5. Let x(a) = -a**3 - a**2 + a + 21. Let k be x(n). Let o = k - -19. What is the tens digit of o?
4
Let g be 2 - 45 - (-1 - 2). Let i be (-1032)/g + 8/(-10). Suppose 0 = -5*f - 2*b + i, -5*f + b + 55 = -3*b. What is the units digit of f?
7
Let f = -12 - -12. Suppose 0 = -2*t - 5*o - 55 + 271, f = 3*t + 3*o - 324. What is the units digit of t?
8
Let c = 296 - 297. Let d(g) be the second derivative of 11*g**4/4 + g**3/6 + g**2/2 - g. What is the tens digit of d(c)?
3
Let w(g) = g**2 + 13*g + 8. Let m be w(-15). Let v = 93 - m. What is the tens digit of v?
5
Let t = -8 + -1. Let s(c) = -c**2 - 7*c + 6. Let v be s(t). What is the tens digit of (-45)/2*24/v?
4
What is the hundreds digit of (-2)/(-8) + (-68794)/(-88)?
7
What is the units digit of (104 - -2)/((-13)/((-12753)/18))?
7
Let s be (-27)/(-45)*(0 - 5). What is the tens digit of s/(-18) + 1337/6?
2
Suppose -13*x = -11*x + 4*v - 1348, -v - 1 = 0. What is the hundreds digit of x?
6
Let q(v) = v - 2. Let y(a) = a - 3. Let u(l) = -7*q(l) + 6*y(l). Let x be u(-7). Suppose 0*t = 3*w - x*t - 21, 3*w = -3*t + 39. What is the tens digit of w?
1
Let y = 3647 + -2075. What is the thousands digit of y?
1
Let l(o) be the second derivative of -o**6/90 - o**5/30 - o**4/6 - 3*o. Let v(u) be the third derivative of l(u). What is the tens digit of v(-4)?
2
What is the hundreds digit of (-25915)/142*114/(-15)?
3
Suppose -169 = -2*y + 5*h + 1685, -953 = -y - 4*h. What is the units digit of y?
7
Let p = 2252 + -1410. What is the tens digit of p?
4
Let f(t) = 351*t + 19. What is the hundreds digit of f(1)?
3
Let h = 1410 - 280. What is the units digit of h?
0
Suppose -a - 3*s = -30, a - 4 = s + 14. What is the tens digit of (6/(-4))/(a/(-1036))?
7
Suppose 352*i - 59007 = 339*i. What is the thousands digit of i?
4
Suppose 2*t + 5*w = 61, 0 = -5*t + 4*w - 95 + 330. Let d = 88 - t. What is the tens digit of d?
4
Let r(b) be the first derivative of -b**3/3 - 11*b**2 - 7*b - 4. What is the tens digit of r(-17)?
7
Let p(s) = s**2 - 15*s - 5. Let y be p(15). What is the tens digit of (-4)/(-10) - 773/y?
5
Let p(r) = 2*r**2 + 11*r. Let d be p(8). Let m = -129 + d. What is the tens digit of m?
8
Suppose q - 97 + 500 = 5*b, 5*b - 407 = -q. Suppose 4*p - 2*i + b = 3*p, -69 = p + i. What is the units digit of 4/(-12) - p/3?
4
Suppose -4*d - 102 = 678. What is the tens digit of d/(-3) + 0 + 0?
6
Let x(v) = -v - v**3 - 9*v**2 - 2 + 3 + 17*v. What is the tens digit of x(-11)?
6
Let r(b) = 6*b - 10. Let n(y) = -18*y + 30. Let p(x) = -3*n(x) - 8*r(x). Let s be p(4). What is the tens digit of (-1 - 3) + 2 + s?
1
Let r(k) be the first derivative of k**4/4 + 7*k**3/3 - 3*k**2 - 1. Wha